{"id":611,"date":"2019-02-27T15:17:50","date_gmt":"2019-02-27T15:17:50","guid":{"rendered":"http:\/\/grundschule-wichern.de\/?page_id=611"},"modified":"2019-02-27T15:19:10","modified_gmt":"2019-02-27T15:19:10","slug":"schulverein-lohe","status":"publish","type":"page","link":"http:\/\/grundschule-wichern.de\/?page_id=611","title":{"rendered":"Schulverein Lohe"},"content":{"rendered":"\n<p>Liebe Eltern, Freunde und Interessierte,<br><br>auf diesen Seiten erfahren Sie etwas mehr \u00fcber den F\u00f6rderverein, der 14. M\u00e4rz 1988 gegr\u00fcndet wurde und sich zur Aufgabe stellt, die Schule bei der Erziehung und Bildung der Sch\u00fcler\/innen ideell und materiell zu unterst\u00fctzen, die Erziehungsgemeinschaft und die Kommunikation an der Schule zu pflegen sowie das Wohl der Sch\u00fcler\/innen zu f\u00f6rdern.<br><br>Mitglieder des Vereins sind Eltern, Lehrer und Freunde unserer Schule. Neben Spenden, Sponsoren und \u00dcbersch\u00fcssen aus Veranstaltungen finanzieren wir uns aus den Mitgliedsbeitr\u00e4gen. Dar\u00fcber hinaus ist nat\u00fcrlich auch die aktive pers\u00f6nliche Mithilfe jedes Einzelnen wichtig, denn nur als Gemeinschaft sind wir stark und k\u00f6nnen etwas bewegen!<\/p>\n\n\n\n<p><strong>Gem\u00e4\u00df unserem Motto: \u201eWir sind stark, wenn viele helfen!\u201c<\/strong><br><br>Wir sind offen f\u00fcr alle Ihre Anregungen, Ideen und W\u00fcnsche. Aber auch das, was Ihnen nicht so gut gef\u00e4llt, sollte angesprochen werden.<br><br>\u00dcber Ihre Unterst\u00fctzung freuen wir uns und sagen daf\u00fcr herzlichen Dank!<br><br>Der Vorstand des F\u00f6rdervereins der Grundschule Lohe e.V.<br><br><\/p>\n\n\n\n<figure class=\"wp-block-image\"><a href=\"http:\/\/grundschule-wichern.de\/wp-content\/uploads\/2019\/02\/25-Jahre-Foerderverein-gross.jpg\" rel=\"lightbox[611]\"><img loading=\"lazy\" decoding=\"async\" width=\"1024\" height=\"661\" src=\"http:\/\/grundschule-wichern.de\/wp-content\/uploads\/2019\/02\/25-Jahre-Foerderverein-gross-1024x661.jpg\" alt=\"\" class=\"wp-image-613\" srcset=\"http:\/\/grundschule-wichern.de\/wp-content\/uploads\/2019\/02\/25-Jahre-Foerderverein-gross-1024x661.jpg 1024w, http:\/\/grundschule-wichern.de\/wp-content\/uploads\/2019\/02\/25-Jahre-Foerderverein-gross-300x194.jpg 300w, http:\/\/grundschule-wichern.de\/wp-content\/uploads\/2019\/02\/25-Jahre-Foerderverein-gross-768x496.jpg 768w, http:\/\/grundschule-wichern.de\/wp-content\/uploads\/2019\/02\/25-Jahre-Foerderverein-gross-150x97.jpg 150w\" sizes=\"auto, (max-width: 1024px) 100vw, 1024px\" \/><\/a><\/figure>\n","protected":false},"excerpt":{"rendered":"<p>Liebe Eltern, Freunde und Interessierte, auf diesen Seiten erfahren Sie etwas mehr \u00fcber den F\u00f6rderverein, der 14. M\u00e4rz 1988 gegr\u00fcndet wurde und sich zur Aufgabe stellt, die Schule bei der Erziehung und Bildung der Sch\u00fcler\/innen ideell und materiell zu unterst\u00fctzen, die Erziehungsgemeinschaft und die Kommunikation an der Schule zu pflegen&hellip; mehr lesen<\/p>\n","protected":false},"author":1,"featured_media":0,"parent":608,"menu_order":0,"comment_status":"closed","ping_status":"closed","template":"","meta":{"_uag_custom_page_level_css":"","jetpack_post_was_ever_published":false,"footnotes":""},"class_list":["post-611","page","type-page","status-publish","hentry"],"uagb_featured_image_src":{"full":false,"thumbnail":false,"medium":false,"medium_large":false,"large":false,"1536x1536":false,"2048x2048":false,"custom":false,"post-thumbnail":false,"header":false,"slider":false,"columns":false,"sow-carousel-default":false},"uagb_author_info":{"display_name":"Hille","author_link":"http:\/\/grundschule-wichern.de\/?author=1"},"uagb_comment_info":0,"uagb_excerpt":"Liebe Eltern, Freunde und Interessierte, auf diesen Seiten erfahren Sie etwas mehr \u00fcber den F\u00f6rderverein, der 14. M\u00e4rz 1988 gegr\u00fcndet wurde und sich zur Aufgabe stellt, die Schule bei der Erziehung und Bildung der Sch\u00fcler\/innen ideell und materiell zu unterst\u00fctzen, die Erziehungsgemeinschaft und die Kommunikation an der Schule zu pflegen&hellip; mehr lesen","jetpack_sharing_enabled":true,"jetpack_shortlink":"https:\/\/wp.me\/P9HPiT-9R","_links":{"self":[{"href":"http:\/\/grundschule-wichern.de\/index.php?rest_route=\/wp\/v2\/pages\/611","targetHints":{"allow":["GET"]}}],"collection":[{"href":"http:\/\/grundschule-wichern.de\/index.php?rest_route=\/wp\/v2\/pages"}],"about":[{"href":"http:\/\/grundschule-wichern.de\/index.php?rest_route=\/wp\/v2\/types\/page"}],"author":[{"embeddable":true,"href":"http:\/\/grundschule-wichern.de\/index.php?rest_route=\/wp\/v2\/users\/1"}],"replies":[{"embeddable":true,"href":"http:\/\/grundschule-wichern.de\/index.php?rest_route=%2Fwp%2Fv2%2Fcomments&post=611"}],"version-history":[{"count":2,"href":"http:\/\/grundschule-wichern.de\/index.php?rest_route=\/wp\/v2\/pages\/611\/revisions"}],"predecessor-version":[{"id":614,"href":"http:\/\/grundschule-wichern.de\/index.php?rest_route=\/wp\/v2\/pages\/611\/revisions\/614"}],"up":[{"embeddable":true,"href":"http:\/\/grundschule-wichern.de\/index.php?rest_route=\/wp\/v2\/pages\/608"}],"wp:attachment":[{"href":"http:\/\/grundschule-wichern.de\/index.php?rest_route=%2Fwp%2Fv2%2Fmedia&parent=611"}],"curies":[{"name":"wp","href":"https:\/\/api.w.org\/{rel}","templated":true}]}}

<p>Liebe Eltern, Freunde und Interessierte,<br><br>auf diesen Seiten erfahren Sie etwas mehr über den Förderverein, der 14. März 1988 gegründet wurde und sich zur Aufgabe stellt, die Schule bei der Erziehung und Bildung der Schüler/innen ideell und materiell zu unterstützen, die Erziehungsgemeinschaft und die Kommunikation an der Schule zu pflegen sowie das Wohl der Schüler/innen zu fördern.<br><br>Mitglieder des Vereins sind Eltern, Lehrer und Freunde unserer Schule. Neben Spenden, Sponsoren und Überschüssen aus Veranstaltungen finanzieren wir uns aus den Mitgliedsbeiträgen. Darüber hinaus ist natürlich auch die aktive persönliche Mithilfe jedes Einzelnen wichtig, denn nur als Gemeinschaft sind wir stark und können etwas bewegen!</p>



<p><strong>Gemäß unserem Motto: „Wir sind stark, wenn viele helfen!“</strong><br><br>Wir sind offen für alle Ihre Anregungen, Ideen und Wünsche. Aber auch das, was Ihnen nicht so gut gefällt, sollte angesprochen werden.<br><br>Über Ihre Unterstützung freuen wir uns und sagen dafür herzlichen Dank!<br><br>Der Vorstand des Fördervereins der Grundschule Lohe e.V.<br><br></p>



<figure class="wp-block-image"><a href="http://grundschule-wichern.de/wp-content/uploads/2019/02/25-Jahre-Foerderverein-gross.jpg" rel="lightbox[611]"><img loading="lazy" decoding="async" width="1024" height="661" src="http://grundschule-wichern.de/wp-content/uploads/2019/02/25-Jahre-Foerderverein-gross-1024x661.jpg" alt="" class="wp-image-613" srcset="http://grundschule-wichern.de/wp-content/uploads/2019/02/25-Jahre-Foerderverein-gross-1024x661.jpg 1024w, http://grundschule-wichern.de/wp-content/uploads/2019/02/25-Jahre-Foerderverein-gross-300x194.jpg 300w, http://grundschule-wichern.de/wp-content/uploads/2019/02/25-Jahre-Foerderverein-gross-768x496.jpg 768w, http://grundschule-wichern.de/wp-content/uploads/2019/02/25-Jahre-Foerderverein-gross-150x97.jpg 150w" sizes="auto, (max-width: 1024px) 100vw, 1024px" /></a></figure>

<p>Liebe Eltern, Freunde und Interessierte, auf diesen Seiten erfahren Sie etwas mehr über den Förderverein, der 14. März 1988 gegründet wurde und sich zur Aufgabe stellt, die Schule bei der Erziehung und Bildung der Schüler/innen ideell und materiell zu unterstützen, die Erziehungsgemeinschaft und die Kommunikation an der Schule zu pflegen&hellip; mehr lesen</p>

Liebe Eltern, Freunde und Interessierte, auf diesen Seiten erfahren Sie etwas mehr über den Förderverein, der 14. März 1988 gegründet wurde und sich zur Aufgabe stellt, die Schule bei der Erziehung und Bildung der Schüler/innen ideell und materiell zu unterstützen, die Erziehungsgemeinschaft und die Kommunikation an der Schule zu pflegen&hellip; mehr lesen
