{"id":608,"date":"2019-02-27T15:15:02","date_gmt":"2019-02-27T15:15:02","guid":{"rendered":"http:\/\/grundschule-wichern.de\/?page_id=608"},"modified":"2019-02-27T19:54:23","modified_gmt":"2019-02-27T19:54:23","slug":"unsere-schulvereine","status":"publish","type":"page","link":"http:\/\/grundschule-wichern.de\/?page_id=608","title":{"rendered":"Unsere Schulvereine"},"content":{"rendered":"\n<p>Da unsere Schule fr\u00fcher keine Verbundschule war, hatten beide Standorte ihren eigenen F\u00f6rderverein. Nach der Zusammenf\u00fchrung beider Schulen, beschloss man die beiden F\u00f6rdervereine so wie sie waren beizubehalten.<\/p>\n\n\n\n<div class=\"wp-block-columns has-2-columns is-layout-flex wp-container-core-columns-is-layout-9d6595d7 wp-block-columns-is-layout-flex\">\n<div class=\"wp-block-column is-layout-flow wp-block-column-is-layout-flow\">\n<figure class=\"wp-block-embed-wordpress wp-block-embed is-type-rich is-provider-gvs-wichern-lohe\"><div class=\"wp-block-embed__wrapper\">\n<blockquote class=\"wp-embedded-content\" data-secret=\"MpvdGm9JIG\"><a href=\"http:\/\/grundschule-wichern.de\/?page_id=611\">Schulverein Lohe<\/a><\/blockquote><iframe loading=\"lazy\" class=\"wp-embedded-content\" sandbox=\"allow-scripts\" security=\"restricted\" style=\"position: absolute; clip: rect(1px, 1px, 1px, 1px);\" title=\"&#8222;Schulverein Lohe&#8220; &#8212; GVS Wichern Lohe\" src=\"http:\/\/grundschule-wichern.de\/?page_id=611&#038;embed=true#?secret=kU9SiUi4PE#?secret=MpvdGm9JIG\" data-secret=\"MpvdGm9JIG\" width=\"600\" height=\"338\" frameborder=\"0\" marginwidth=\"0\" marginheight=\"0\" scrolling=\"no\"><\/iframe>\n<\/div><\/figure>\n<\/div>\n\n\n\n<div class=\"wp-block-column is-layout-flow wp-block-column-is-layout-flow\">\n<figure class=\"wp-block-embed-wordpress wp-block-embed is-type-rich is-provider-gvs-wichern-lohe\"><div class=\"wp-block-embed__wrapper\">\n<blockquote class=\"wp-embedded-content\" data-secret=\"tAl8eKCB86\"><a href=\"http:\/\/grundschule-wichern.de\/?page_id=521\">Schulverein Wichern<\/a><\/blockquote><iframe loading=\"lazy\" class=\"wp-embedded-content\" sandbox=\"allow-scripts\" security=\"restricted\" style=\"position: absolute; clip: rect(1px, 1px, 1px, 1px);\" title=\"&#8222;Schulverein Wichern&#8220; &#8212; GVS Wichern Lohe\" src=\"http:\/\/grundschule-wichern.de\/?page_id=521&#038;embed=true#?secret=p9kqfeTDQK#?secret=tAl8eKCB86\" data-secret=\"tAl8eKCB86\" width=\"600\" height=\"338\" frameborder=\"0\" marginwidth=\"0\" marginheight=\"0\" scrolling=\"no\"><\/iframe>\n<\/div><\/figure>\n<\/div>\n<\/div>\n","protected":false},"excerpt":{"rendered":"<p>Da unsere Schule fr\u00fcher keine Verbundschule war, hatten beide Standorte ihren eigenen F\u00f6rderverein. Nach der Zusammenf\u00fchrung beider Schulen, beschloss man die beiden F\u00f6rdervereine so wie sie waren beizubehalten. mehr lesen<\/p>\n","protected":false},"author":1,"featured_media":0,"parent":0,"menu_order":0,"comment_status":"closed","ping_status":"closed","template":"","meta":{"_uag_custom_page_level_css":"","jetpack_post_was_ever_published":false,"footnotes":""},"class_list":["post-608","page","type-page","status-publish","hentry"],"uagb_featured_image_src":{"full":false,"thumbnail":false,"medium":false,"medium_large":false,"large":false,"1536x1536":false,"2048x2048":false,"custom":false,"post-thumbnail":false,"header":false,"slider":false,"columns":false,"sow-carousel-default":false},"uagb_author_info":{"display_name":"Hille","author_link":"http:\/\/grundschule-wichern.de\/?author=1"},"uagb_comment_info":0,"uagb_excerpt":"Da unsere Schule fr\u00fcher keine Verbundschule war, hatten beide Standorte ihren eigenen F\u00f6rderverein. Nach der Zusammenf\u00fchrung beider Schulen, beschloss man die beiden F\u00f6rdervereine so wie sie waren beizubehalten. mehr lesen","jetpack_sharing_enabled":true,"jetpack_shortlink":"https:\/\/wp.me\/P9HPiT-9O","_links":{"self":[{"href":"http:\/\/grundschule-wichern.de\/index.php?rest_route=\/wp\/v2\/pages\/608","targetHints":{"allow":["GET"]}}],"collection":[{"href":"http:\/\/grundschule-wichern.de\/index.php?rest_route=\/wp\/v2\/pages"}],"about":[{"href":"http:\/\/grundschule-wichern.de\/index.php?rest_route=\/wp\/v2\/types\/page"}],"author":[{"embeddable":true,"href":"http:\/\/grundschule-wichern.de\/index.php?rest_route=\/wp\/v2\/users\/1"}],"replies":[{"embeddable":true,"href":"http:\/\/grundschule-wichern.de\/index.php?rest_route=%2Fwp%2Fv2%2Fcomments&post=608"}],"version-history":[{"count":4,"href":"http:\/\/grundschule-wichern.de\/index.php?rest_route=\/wp\/v2\/pages\/608\/revisions"}],"predecessor-version":[{"id":2171,"href":"http:\/\/grundschule-wichern.de\/index.php?rest_route=\/wp\/v2\/pages\/608\/revisions\/2171"}],"wp:attachment":[{"href":"http:\/\/grundschule-wichern.de\/index.php?rest_route=%2Fwp%2Fv2%2Fmedia&parent=608"}],"curies":[{"name":"wp","href":"https:\/\/api.w.org\/{rel}","templated":true}]}}

<p>Da unsere Schule früher keine Verbundschule war, hatten beide Standorte ihren eigenen Förderverein. Nach der Zusammenführung beider Schulen, beschloss man die beiden Fördervereine so wie sie waren beizubehalten.</p>



<div class="wp-block-columns has-2-columns is-layout-flex wp-container-core-columns-is-layout-9d6595d7 wp-block-columns-is-layout-flex">
<div class="wp-block-column is-layout-flow wp-block-column-is-layout-flow">
<figure class="wp-block-embed-wordpress wp-block-embed is-type-rich is-provider-gvs-wichern-lohe"><div class="wp-block-embed__wrapper">
<blockquote class="wp-embedded-content" data-secret="MpvdGm9JIG"><a href="http://grundschule-wichern.de/?page_id=611">Schulverein Lohe</a></blockquote><iframe loading="lazy" class="wp-embedded-content" sandbox="allow-scripts" security="restricted" style="position: absolute; clip: rect(1px, 1px, 1px, 1px);" title="&#8222;Schulverein Lohe&#8220; &#8212; GVS Wichern Lohe" src="http://grundschule-wichern.de/?page_id=611&#038;embed=true#?secret=kU9SiUi4PE#?secret=MpvdGm9JIG" data-secret="MpvdGm9JIG" width="600" height="338" frameborder="0" marginwidth="0" marginheight="0" scrolling="no"></iframe>
</div></figure>
</div>



<div class="wp-block-column is-layout-flow wp-block-column-is-layout-flow">
<figure class="wp-block-embed-wordpress wp-block-embed is-type-rich is-provider-gvs-wichern-lohe"><div class="wp-block-embed__wrapper">
<blockquote class="wp-embedded-content" data-secret="tAl8eKCB86"><a href="http://grundschule-wichern.de/?page_id=521">Schulverein Wichern</a></blockquote><iframe loading="lazy" class="wp-embedded-content" sandbox="allow-scripts" security="restricted" style="position: absolute; clip: rect(1px, 1px, 1px, 1px);" title="&#8222;Schulverein Wichern&#8220; &#8212; GVS Wichern Lohe" src="http://grundschule-wichern.de/?page_id=521&#038;embed=true#?secret=p9kqfeTDQK#?secret=tAl8eKCB86" data-secret="tAl8eKCB86" width="600" height="338" frameborder="0" marginwidth="0" marginheight="0" scrolling="no"></iframe>
</div></figure>
</div>
</div>

<p>Da unsere Schule früher keine Verbundschule war, hatten beide Standorte ihren eigenen Förderverein. Nach der Zusammenführung beider Schulen, beschloss man die beiden Fördervereine so wie sie waren beizubehalten. mehr lesen</p>

Da unsere Schule früher keine Verbundschule war, hatten beide Standorte ihren eigenen Förderverein. Nach der Zusammenführung beider Schulen, beschloss man die beiden Fördervereine so wie sie waren beizubehalten. mehr lesen
