{"id":572,"date":"2019-02-27T14:13:14","date_gmt":"2019-02-27T14:13:14","guid":{"rendered":"http:\/\/grundschule-wichern.de\/?page_id=572"},"modified":"2019-02-27T14:57:01","modified_gmt":"2019-02-27T14:57:01","slug":"historie-lohe","status":"publish","type":"page","link":"http:\/\/grundschule-wichern.de\/?page_id=572","title":{"rendered":"Historie Lohe"},"content":{"rendered":"\n<h2 class=\"wp-block-heading\">Die Geschichte der Loher Grundschule<\/h2>\n\n\n\n<p><\/p>\n\n\n\n<div class=\"wp-block-columns has-2-columns is-layout-flex wp-container-core-columns-is-layout-9d6595d7 wp-block-columns-is-layout-flex\">\n<div class=\"wp-block-column is-layout-flow wp-block-column-is-layout-flow\">\n<p>Der Stadtteil Lohe ist aus der fr\u00fcheren Gemeinde Niederbecksen, der alten Gemeinde an der &#8222;niederen Beeke&#8220;, hervorgegangen. Niederbecksen kann bei aller Abh\u00e4ngigkeit von der \u00fcber 1200&nbsp;Jahre alten Muttergemeinde Rehme auf eine alte Geschichte zur\u00fcckblicken.&nbsp;<br>Entstanden ist sie im 12. Jahrhundert, in den Zeiten der sogenannten &#8222;Gro\u00dfen Rodung&#8220;. Damals wichen die Bewohner aus der Werre-Niederung in Folge Landmangel auf h\u00f6her gelegene Stellen, meist Waldgebiete, aus. Urspr\u00fcnglich ist die Gemeinde eine b\u00e4uerliche Streusiedlung gewesen, in der alte H\u00f6fe auf eine lange Entwicklung zur\u00fcckblicken k\u00f6nnen. So lassen sich Bauerngeschlechter noch bis in die Zeit vor dem Drei\u00dfigj\u00e4hrigen Krieg zur\u00fcckf\u00fchren.<br>Die &#8222;Lohe&#8220; ist ein geschichtstr\u00e4chtiger Ortsteil in der Niederbeckser Gemeinde. Im vorigen Jahrhundert entstand aus dem fr\u00fcheren Rehmer Badebezirk &#8222;Neusalzwerk&#8220; ein neues Gemeinwesen. Seinen Namen OEYNHAUSEN verdankt es dem Gr\u00fcnder des Bades.<br>In den 1920er Jahren wurden durch die schnelle Entwicklung des Bades gro\u00dfe Teile der Gemeinde Lohe in die S\u00fcdstadt eingemeindet. Die Restgemeinde nannte sich seither nach dem seit 1889 bestehenden Kirchspiel &#8222;Lohe&#8220; (Gr\u00fcndungstag der Kirchengemeinde Lohe ist der 10. November, der Geburtstag des Reformators Martin Luther). Die schweren Jahre der Nachkriegszeit konnten bald \u00fcberwunden werden. Die Bev\u00f6lkerung wuchs durch den Zuzug von Evakuierten und Vertriebenen um ein Drittel.<br>Aus einer \u00fcberwiegend landwirtschaftlich gepr\u00e4gten Gemeinde entwickelte sich ein Gemeinwesen, das bei aller Wahrung seiner b\u00e4uerlichen Eigenart Industrieansiedlungen erm\u00f6glichte. Neben der urspr\u00fcnglich vorherrschenden M\u00f6belindustrie etablierten sich metallverarbeitende Betriebe, Handwerks- und Gewerbebetriebe sowie Gesch\u00e4fte. Mit dieser Entwicklung wuchs auch nochmal die Bev\u00f6lkerung rasch an.&nbsp;<br>Die landschaftlich reizvolle Lage im Ravensberger H\u00fcgelland hat die &#8222;Lohe&#8220; bis heute zu einem bevorzugten Wohngebiet in der Stadt Bad Oeynhausen werden lassen.<br>Schon vor mehr als 200 Jahren bestand bereits eine Schule &#8222;Auf der Lohe&#8220;.&nbsp; Sie war die einzige in der Gemeinde Niederbecksen.<br>Die Aufzeichnungen der Schulchronik beginnen mit dem Jahr 1858.<\/p>\n<\/div>\n\n\n\n<div class=\"wp-block-column is-layout-flow wp-block-column-is-layout-flow\">\n<figure class=\"wp-block-image\"><a href=\"http:\/\/grundschule-wichern.de\/wp-content\/uploads\/2019\/02\/lohe_hist01.jpg\" rel=\"lightbox[572]\"><img loading=\"lazy\" decoding=\"async\" width=\"180\" height=\"117\" src=\"http:\/\/grundschule-wichern.de\/wp-content\/uploads\/2019\/02\/lohe_hist01.jpg\" alt=\"\" class=\"wp-image-576\" srcset=\"http:\/\/grundschule-wichern.de\/wp-content\/uploads\/2019\/02\/lohe_hist01.jpg 180w, http:\/\/grundschule-wichern.de\/wp-content\/uploads\/2019\/02\/lohe_hist01-150x98.jpg 150w\" sizes=\"auto, (max-width: 180px) 100vw, 180px\" \/><\/a><\/figure>\n\n\n\n<figure class=\"wp-block-image\"><a href=\"http:\/\/grundschule-wichern.de\/wp-content\/uploads\/2019\/02\/lohe_hist02.jpg\" rel=\"lightbox[572]\"><img loading=\"lazy\" decoding=\"async\" width=\"200\" height=\"331\" src=\"http:\/\/grundschule-wichern.de\/wp-content\/uploads\/2019\/02\/lohe_hist02.jpg\" alt=\"\" class=\"wp-image-579\" srcset=\"http:\/\/grundschule-wichern.de\/wp-content\/uploads\/2019\/02\/lohe_hist02.jpg 200w, http:\/\/grundschule-wichern.de\/wp-content\/uploads\/2019\/02\/lohe_hist02-181x300.jpg 181w, http:\/\/grundschule-wichern.de\/wp-content\/uploads\/2019\/02\/lohe_hist02-91x150.jpg 91w\" sizes=\"auto, (max-width: 200px) 100vw, 200px\" \/><\/a><\/figure>\n\n\n\n<blockquote class=\"wp-block-quote is-layout-flow wp-block-quote-is-layout-flow\"><p><\/p><cite>Eine Transliteration dieser Aufzeichnungen erfolgte im Sommer 1999 von Herrn Dr. H. Langej\u00fcrgen<\/cite><\/blockquote>\n\n\n\n<figure class=\"wp-block-image\"><a href=\"http:\/\/grundschule-wichern.de\/wp-content\/uploads\/2019\/02\/lohe_hist03.jpg\" rel=\"lightbox[572]\"><img loading=\"lazy\" decoding=\"async\" width=\"450\" height=\"337\" src=\"http:\/\/grundschule-wichern.de\/wp-content\/uploads\/2019\/02\/lohe_hist03.jpg\" alt=\"\" class=\"wp-image-581\" srcset=\"http:\/\/grundschule-wichern.de\/wp-content\/uploads\/2019\/02\/lohe_hist03.jpg 450w, http:\/\/grundschule-wichern.de\/wp-content\/uploads\/2019\/02\/lohe_hist03-300x225.jpg 300w, http:\/\/grundschule-wichern.de\/wp-content\/uploads\/2019\/02\/lohe_hist03-150x112.jpg 150w\" sizes=\"auto, (max-width: 450px) 100vw, 450px\" \/><\/a><\/figure>\n\n\n\n<figure class=\"wp-block-image\"><a href=\"http:\/\/grundschule-wichern.de\/wp-content\/uploads\/2019\/02\/lohe_hist04.jpg\" rel=\"lightbox[572]\"><img loading=\"lazy\" decoding=\"async\" width=\"450\" height=\"302\" src=\"http:\/\/grundschule-wichern.de\/wp-content\/uploads\/2019\/02\/lohe_hist04.jpg\" alt=\"\" class=\"wp-image-591\" srcset=\"http:\/\/grundschule-wichern.de\/wp-content\/uploads\/2019\/02\/lohe_hist04.jpg 450w, http:\/\/grundschule-wichern.de\/wp-content\/uploads\/2019\/02\/lohe_hist04-300x201.jpg 300w, http:\/\/grundschule-wichern.de\/wp-content\/uploads\/2019\/02\/lohe_hist04-150x101.jpg 150w, http:\/\/grundschule-wichern.de\/wp-content\/uploads\/2019\/02\/lohe_hist04-272x182.jpg 272w\" sizes=\"auto, (max-width: 450px) 100vw, 450px\" \/><\/a><\/figure>\n<\/div>\n<\/div>\n\n\n\n<p>Im Zuge des Schulneubaus der heutigen Schule im Jahre 1956 stand das Geb\u00e4ude der alten Schule auf dem Hellerhagen zum Verkauf.<\/p>\n\n\n\n<p>Zur Geschichte und zur Bedeutung dieser Schule ist Folgendes zu sagen: Die Schule auf dem Hellerhagen wurde in den Jahren 1904 bis 1905 errichtet und war die s\u00fcdlichste des Kreises Minden.<\/p>\n\n\n\n<p>Bis zum Jahre 1945 war die Schule auf dem Hellerhagen eine selbst\u00e4ndige Schule mit drei Klassen und drei Lehrern. In dem Geb\u00e4ude befanden sich neben zwei Klassenzimmern eine vollausgebaute sowie zwei kleinere Wohnungen. Das dahinter liegende etwa ein Morgen gro\u00dfe Grundst\u00fcck geh\u00f6rte bis etwa 1930 zur Hauptlehrerstelle Lohe, ebenso der kleine Schulwald.<br>Bis 1945 besuchten viele Sch\u00fcler aus Bonneberg und Solterwisch (Gemeinde Exter bzw. Valdorf) die Hellerh\u00e4ger Schule, denn bei der Festlegung der Schulbezirksgrenze wurde die Grenze der Kirchengemeinde zugrunde gelegt.<br>Die Lehrerin Frau Schnell erz\u00e4hlt \u00fcber ihre Dienstzeit an der Hellerh\u00e4ger Schule:<\/p>\n\n\n\n<p><em>&#8222;Mein Gott, war das gem\u00fctlich! Im Winter beheizte ein gro\u00dfer Bullerofen jeden Klassenraum. Wenn es morgens noch nicht war genug war, wurden Frei\u00fcbungen gemacht. Es gab kaum Schulb\u00fccher, aber die Kinder waren sehr lernwillig und begeisterungsf\u00e4hig. In Ermangelung einer Turnhalle ging es in Saaks Busch; \u00fcber Baumst\u00e4mme wurden Hocken gemacht, und es wurde auf den St\u00e4mmen balanciert. Der Weg am Busch war Laufbahn f\u00fcr Kurzstreckenlauf. Eine Wasserleitung gab es nicht; aber bei den Toiletten war ein Brunnen, aus dem wir das Wasser mit Winde und Eimer heraufholten. Das ging so lange, bis einmal eine tote Ratte im Eimer war. Von da an haben wir es vorgezogen, t\u00e4glich, auch im Winter, das Wasser die 100 m von unserem Nachbarn Hu\u00df zu holen.&#8220;&nbsp;<\/em><br><br>Die Loher Schule wurde 1912 neu gebaut. In dem Geb\u00e4ude wurde sp\u00e4ter der Schulkindergarten untergebracht, diente aber auch als Wohnhaus. An der Fassade ist die Losung &#8222;Die Furcht des Herrn ist der Weisheit Anfang&#8220; zu lesen. Bereits in den 1930er Jahren strebte man eine Zusammenlegung der beiden Loher Schulen an.&nbsp;<br>Nach einem harten &#8222;Schulkampf&#8220; wurde dann nach 1945 eine gemeinsame Schule auf der Lohe er\u00f6ffnet. Die Schule Hellerhagen geh\u00f6rte nun zur Volksschule Lohe und nahm das 3., 4. und 5. Schuljahr auf.<br>Im Jahre 1956 erfolgte der Bau des heutigen Schulgeb\u00e4udes. Es wurden dort alle Klassen zusammengefasst.<br>In der Vergangenheit musste die Schule viele Ver\u00e4nderungen erfahren. Die Reform im Jahre 1969 ist jedoch besonders einschneidend gewesen. Im Zuge der Aufgliederung in die Jahrgangsgruppen 1.-4.&nbsp;Schuljahr und 5.-9.&nbsp;Schuljahr war die Trennung in Grundschule und Hauptschule vollzogen.<br>Im Jahr 2010 wurde der Grundschulverbund Wichern-Lohe gegr\u00fcndet. Dieser in Bad Oeynhausen erste Grundschulverbund ist aus den beiden Grundschulen &#8222;Wichern&#8220; und&nbsp;&#8222;Lohe&#8220; entstanden. Somit konnte der Teilstandort Lohe als einz\u00fcgige Schule effektiv weitergef\u00fchrt werden, um damit kurze Wege zur Grundschule aufrechtzuerhalten.<br>Das Jahr 2013 galt als Jubil\u00e4umsjahr f\u00fcr den Loher Grundschulstandort, denn der Beginn der Schulchronik im Jahr 1858 j\u00e4hrte sich nun zum 155. Mal. Au\u00dferdem feierte der F\u00f6rderverein der Grundschule Lohe e.V. sein 25j\u00e4hriges Bestehen. Dieses war gen\u00fcgend Anlass, am 20. April 2013 ein gro\u00dfes Schulfest an der Loher Stra\u00dfe auszurichten.<br>Am 01.08.2015 hat die IFAS den &#8222;Offenen Ganztag&#8220; und die &#8222;verl\u00e4ssliche Grundschule&#8220; als Tr\u00e4ger am Teilstandort Lohe \u00fcbernommen (bis zum 31.07.2015 wurde dieser Bereich ehrenamtlich durch den F\u00f6rderverein der Grundschule Lohe e.V. gef\u00fchrt).<\/p>\n","protected":false},"excerpt":{"rendered":"<p>Die Geschichte der Loher Grundschule Der Stadtteil Lohe ist aus der fr\u00fcheren Gemeinde Niederbecksen, der alten Gemeinde an der &#8222;niederen Beeke&#8220;, hervorgegangen. Niederbecksen kann bei aller Abh\u00e4ngigkeit von der \u00fcber 1200&nbsp;Jahre alten Muttergemeinde Rehme auf eine alte Geschichte zur\u00fcckblicken.&nbsp;Entstanden ist sie im 12. Jahrhundert, in den Zeiten der sogenannten &#8222;Gro\u00dfen&hellip; mehr lesen<\/p>\n","protected":false},"author":1,"featured_media":0,"parent":0,"menu_order":0,"comment_status":"closed","ping_status":"closed","template":"templates\/template-onecolumn.php","meta":{"_uag_custom_page_level_css":"","jetpack_post_was_ever_published":false,"footnotes":""},"class_list":["post-572","page","type-page","status-publish","hentry"],"uagb_featured_image_src":{"full":false,"thumbnail":false,"medium":false,"medium_large":false,"large":false,"1536x1536":false,"2048x2048":false,"custom":false,"post-thumbnail":false,"header":false,"slider":false,"columns":false,"sow-carousel-default":false},"uagb_author_info":{"display_name":"Hille","author_link":"http:\/\/grundschule-wichern.de\/?author=1"},"uagb_comment_info":0,"uagb_excerpt":"Die Geschichte der Loher Grundschule Der Stadtteil Lohe ist aus der fr\u00fcheren Gemeinde Niederbecksen, der alten Gemeinde an der &#8222;niederen Beeke&#8220;, hervorgegangen. Niederbecksen kann bei aller Abh\u00e4ngigkeit von der \u00fcber 1200&nbsp;Jahre alten Muttergemeinde Rehme auf eine alte Geschichte zur\u00fcckblicken.&nbsp;Entstanden ist sie im 12. Jahrhundert, in den Zeiten der sogenannten &#8222;Gro\u00dfen&hellip; mehr lesen","jetpack_sharing_enabled":true,"jetpack_shortlink":"https:\/\/wp.me\/P9HPiT-9e","_links":{"self":[{"href":"http:\/\/grundschule-wichern.de\/index.php?rest_route=\/wp\/v2\/pages\/572","targetHints":{"allow":["GET"]}}],"collection":[{"href":"http:\/\/grundschule-wichern.de\/index.php?rest_route=\/wp\/v2\/pages"}],"about":[{"href":"http:\/\/grundschule-wichern.de\/index.php?rest_route=\/wp\/v2\/types\/page"}],"author":[{"embeddable":true,"href":"http:\/\/grundschule-wichern.de\/index.php?rest_route=\/wp\/v2\/users\/1"}],"replies":[{"embeddable":true,"href":"http:\/\/grundschule-wichern.de\/index.php?rest_route=%2Fwp%2Fv2%2Fcomments&post=572"}],"version-history":[{"count":13,"href":"http:\/\/grundschule-wichern.de\/index.php?rest_route=\/wp\/v2\/pages\/572\/revisions"}],"predecessor-version":[{"id":594,"href":"http:\/\/grundschule-wichern.de\/index.php?rest_route=\/wp\/v2\/pages\/572\/revisions\/594"}],"wp:attachment":[{"href":"http:\/\/grundschule-wichern.de\/index.php?rest_route=%2Fwp%2Fv2%2Fmedia&parent=572"}],"curies":[{"name":"wp","href":"https:\/\/api.w.org\/{rel}","templated":true}]}}

<h2 class="wp-block-heading">Die Geschichte der Loher Grundschule</h2>



<p></p>



<div class="wp-block-columns has-2-columns is-layout-flex wp-container-core-columns-is-layout-9d6595d7 wp-block-columns-is-layout-flex">
<div class="wp-block-column is-layout-flow wp-block-column-is-layout-flow">
<p>Der Stadtteil Lohe ist aus der früheren Gemeinde Niederbecksen, der alten Gemeinde an der &#8222;niederen Beeke&#8220;, hervorgegangen. Niederbecksen kann bei aller Abhängigkeit von der über 1200&nbsp;Jahre alten Muttergemeinde Rehme auf eine alte Geschichte zurückblicken.&nbsp;<br>Entstanden ist sie im 12. Jahrhundert, in den Zeiten der sogenannten &#8222;Großen Rodung&#8220;. Damals wichen die Bewohner aus der Werre-Niederung in Folge Landmangel auf höher gelegene Stellen, meist Waldgebiete, aus. Ursprünglich ist die Gemeinde eine bäuerliche Streusiedlung gewesen, in der alte Höfe auf eine lange Entwicklung zurückblicken können. So lassen sich Bauerngeschlechter noch bis in die Zeit vor dem Dreißigjährigen Krieg zurückführen.<br>Die &#8222;Lohe&#8220; ist ein geschichtsträchtiger Ortsteil in der Niederbeckser Gemeinde. Im vorigen Jahrhundert entstand aus dem früheren Rehmer Badebezirk &#8222;Neusalzwerk&#8220; ein neues Gemeinwesen. Seinen Namen OEYNHAUSEN verdankt es dem Gründer des Bades.<br>In den 1920er Jahren wurden durch die schnelle Entwicklung des Bades große Teile der Gemeinde Lohe in die Südstadt eingemeindet. Die Restgemeinde nannte sich seither nach dem seit 1889 bestehenden Kirchspiel &#8222;Lohe&#8220; (Gründungstag der Kirchengemeinde Lohe ist der 10. November, der Geburtstag des Reformators Martin Luther). Die schweren Jahre der Nachkriegszeit konnten bald überwunden werden. Die Bevölkerung wuchs durch den Zuzug von Evakuierten und Vertriebenen um ein Drittel.<br>Aus einer überwiegend landwirtschaftlich geprägten Gemeinde entwickelte sich ein Gemeinwesen, das bei aller Wahrung seiner bäuerlichen Eigenart Industrieansiedlungen ermöglichte. Neben der ursprünglich vorherrschenden Möbelindustrie etablierten sich metallverarbeitende Betriebe, Handwerks- und Gewerbebetriebe sowie Geschäfte. Mit dieser Entwicklung wuchs auch nochmal die Bevölkerung rasch an.&nbsp;<br>Die landschaftlich reizvolle Lage im Ravensberger Hügelland hat die &#8222;Lohe&#8220; bis heute zu einem bevorzugten Wohngebiet in der Stadt Bad Oeynhausen werden lassen.<br>Schon vor mehr als 200 Jahren bestand bereits eine Schule &#8222;Auf der Lohe&#8220;.&nbsp; Sie war die einzige in der Gemeinde Niederbecksen.<br>Die Aufzeichnungen der Schulchronik beginnen mit dem Jahr 1858.</p>
</div>



<div class="wp-block-column is-layout-flow wp-block-column-is-layout-flow">
<figure class="wp-block-image"><a href="http://grundschule-wichern.de/wp-content/uploads/2019/02/lohe_hist01.jpg" rel="lightbox[572]"><img loading="lazy" decoding="async" width="180" height="117" src="http://grundschule-wichern.de/wp-content/uploads/2019/02/lohe_hist01.jpg" alt="" class="wp-image-576" srcset="http://grundschule-wichern.de/wp-content/uploads/2019/02/lohe_hist01.jpg 180w, http://grundschule-wichern.de/wp-content/uploads/2019/02/lohe_hist01-150x98.jpg 150w" sizes="auto, (max-width: 180px) 100vw, 180px" /></a></figure>



<figure class="wp-block-image"><a href="http://grundschule-wichern.de/wp-content/uploads/2019/02/lohe_hist02.jpg" rel="lightbox[572]"><img loading="lazy" decoding="async" width="200" height="331" src="http://grundschule-wichern.de/wp-content/uploads/2019/02/lohe_hist02.jpg" alt="" class="wp-image-579" srcset="http://grundschule-wichern.de/wp-content/uploads/2019/02/lohe_hist02.jpg 200w, http://grundschule-wichern.de/wp-content/uploads/2019/02/lohe_hist02-181x300.jpg 181w, http://grundschule-wichern.de/wp-content/uploads/2019/02/lohe_hist02-91x150.jpg 91w" sizes="auto, (max-width: 200px) 100vw, 200px" /></a></figure>



<blockquote class="wp-block-quote is-layout-flow wp-block-quote-is-layout-flow"><p></p><cite>Eine Transliteration dieser Aufzeichnungen erfolgte im Sommer 1999 von Herrn Dr. H. Langejürgen</cite></blockquote>



<figure class="wp-block-image"><a href="http://grundschule-wichern.de/wp-content/uploads/2019/02/lohe_hist03.jpg" rel="lightbox[572]"><img loading="lazy" decoding="async" width="450" height="337" src="http://grundschule-wichern.de/wp-content/uploads/2019/02/lohe_hist03.jpg" alt="" class="wp-image-581" srcset="http://grundschule-wichern.de/wp-content/uploads/2019/02/lohe_hist03.jpg 450w, http://grundschule-wichern.de/wp-content/uploads/2019/02/lohe_hist03-300x225.jpg 300w, http://grundschule-wichern.de/wp-content/uploads/2019/02/lohe_hist03-150x112.jpg 150w" sizes="auto, (max-width: 450px) 100vw, 450px" /></a></figure>



<figure class="wp-block-image"><a href="http://grundschule-wichern.de/wp-content/uploads/2019/02/lohe_hist04.jpg" rel="lightbox[572]"><img loading="lazy" decoding="async" width="450" height="302" src="http://grundschule-wichern.de/wp-content/uploads/2019/02/lohe_hist04.jpg" alt="" class="wp-image-591" srcset="http://grundschule-wichern.de/wp-content/uploads/2019/02/lohe_hist04.jpg 450w, http://grundschule-wichern.de/wp-content/uploads/2019/02/lohe_hist04-300x201.jpg 300w, http://grundschule-wichern.de/wp-content/uploads/2019/02/lohe_hist04-150x101.jpg 150w, http://grundschule-wichern.de/wp-content/uploads/2019/02/lohe_hist04-272x182.jpg 272w" sizes="auto, (max-width: 450px) 100vw, 450px" /></a></figure>
</div>
</div>



<p>Im Zuge des Schulneubaus der heutigen Schule im Jahre 1956 stand das Gebäude der alten Schule auf dem Hellerhagen zum Verkauf.</p>



<p>Zur Geschichte und zur Bedeutung dieser Schule ist Folgendes zu sagen: Die Schule auf dem Hellerhagen wurde in den Jahren 1904 bis 1905 errichtet und war die südlichste des Kreises Minden.</p>



<p>Bis zum Jahre 1945 war die Schule auf dem Hellerhagen eine selbständige Schule mit drei Klassen und drei Lehrern. In dem Gebäude befanden sich neben zwei Klassenzimmern eine vollausgebaute sowie zwei kleinere Wohnungen. Das dahinter liegende etwa ein Morgen große Grundstück gehörte bis etwa 1930 zur Hauptlehrerstelle Lohe, ebenso der kleine Schulwald.<br>Bis 1945 besuchten viele Schüler aus Bonneberg und Solterwisch (Gemeinde Exter bzw. Valdorf) die Hellerhäger Schule, denn bei der Festlegung der Schulbezirksgrenze wurde die Grenze der Kirchengemeinde zugrunde gelegt.<br>Die Lehrerin Frau Schnell erzählt über ihre Dienstzeit an der Hellerhäger Schule:</p>



<p><em>&#8222;Mein Gott, war das gemütlich! Im Winter beheizte ein großer Bullerofen jeden Klassenraum. Wenn es morgens noch nicht war genug war, wurden Freiübungen gemacht. Es gab kaum Schulbücher, aber die Kinder waren sehr lernwillig und begeisterungsfähig. In Ermangelung einer Turnhalle ging es in Saaks Busch; über Baumstämme wurden Hocken gemacht, und es wurde auf den Stämmen balanciert. Der Weg am Busch war Laufbahn für Kurzstreckenlauf. Eine Wasserleitung gab es nicht; aber bei den Toiletten war ein Brunnen, aus dem wir das Wasser mit Winde und Eimer heraufholten. Das ging so lange, bis einmal eine tote Ratte im Eimer war. Von da an haben wir es vorgezogen, täglich, auch im Winter, das Wasser die 100 m von unserem Nachbarn Huß zu holen.&#8220;&nbsp;</em><br><br>Die Loher Schule wurde 1912 neu gebaut. In dem Gebäude wurde später der Schulkindergarten untergebracht, diente aber auch als Wohnhaus. An der Fassade ist die Losung &#8222;Die Furcht des Herrn ist der Weisheit Anfang&#8220; zu lesen. Bereits in den 1930er Jahren strebte man eine Zusammenlegung der beiden Loher Schulen an.&nbsp;<br>Nach einem harten &#8222;Schulkampf&#8220; wurde dann nach 1945 eine gemeinsame Schule auf der Lohe eröffnet. Die Schule Hellerhagen gehörte nun zur Volksschule Lohe und nahm das 3., 4. und 5. Schuljahr auf.<br>Im Jahre 1956 erfolgte der Bau des heutigen Schulgebäudes. Es wurden dort alle Klassen zusammengefasst.<br>In der Vergangenheit musste die Schule viele Veränderungen erfahren. Die Reform im Jahre 1969 ist jedoch besonders einschneidend gewesen. Im Zuge der Aufgliederung in die Jahrgangsgruppen 1.-4.&nbsp;Schuljahr und 5.-9.&nbsp;Schuljahr war die Trennung in Grundschule und Hauptschule vollzogen.<br>Im Jahr 2010 wurde der Grundschulverbund Wichern-Lohe gegründet. Dieser in Bad Oeynhausen erste Grundschulverbund ist aus den beiden Grundschulen &#8222;Wichern&#8220; und&nbsp;&#8222;Lohe&#8220; entstanden. Somit konnte der Teilstandort Lohe als einzügige Schule effektiv weitergeführt werden, um damit kurze Wege zur Grundschule aufrechtzuerhalten.<br>Das Jahr 2013 galt als Jubiläumsjahr für den Loher Grundschulstandort, denn der Beginn der Schulchronik im Jahr 1858 jährte sich nun zum 155. Mal. Außerdem feierte der Förderverein der Grundschule Lohe e.V. sein 25jähriges Bestehen. Dieses war genügend Anlass, am 20. April 2013 ein großes Schulfest an der Loher Straße auszurichten.<br>Am 01.08.2015 hat die IFAS den &#8222;Offenen Ganztag&#8220; und die &#8222;verlässliche Grundschule&#8220; als Träger am Teilstandort Lohe übernommen (bis zum 31.07.2015 wurde dieser Bereich ehrenamtlich durch den Förderverein der Grundschule Lohe e.V. geführt).</p>

<p>Die Geschichte der Loher Grundschule Der Stadtteil Lohe ist aus der früheren Gemeinde Niederbecksen, der alten Gemeinde an der &#8222;niederen Beeke&#8220;, hervorgegangen. Niederbecksen kann bei aller Abhängigkeit von der über 1200&nbsp;Jahre alten Muttergemeinde Rehme auf eine alte Geschichte zurückblicken.&nbsp;Entstanden ist sie im 12. Jahrhundert, in den Zeiten der sogenannten &#8222;Großen&hellip; mehr lesen</p>

Die Geschichte der Loher Grundschule Der Stadtteil Lohe ist aus der früheren Gemeinde Niederbecksen, der alten Gemeinde an der &#8222;niederen Beeke&#8220;, hervorgegangen. Niederbecksen kann bei aller Abhängigkeit von der über 1200&nbsp;Jahre alten Muttergemeinde Rehme auf eine alte Geschichte zurückblicken.&nbsp;Entstanden ist sie im 12. Jahrhundert, in den Zeiten der sogenannten &#8222;Großen&hellip; mehr lesen
