{"id":521,"date":"2018-10-16T13:15:40","date_gmt":"2018-10-16T13:15:40","guid":{"rendered":"http:\/\/grundschule-wichern.de\/?page_id=521"},"modified":"2019-02-27T19:54:20","modified_gmt":"2019-02-27T19:54:20","slug":"willkommen-beim-schulverein","status":"publish","type":"page","link":"http:\/\/grundschule-wichern.de\/?page_id=521","title":{"rendered":"Schulverein Wichern"},"content":{"rendered":"\n<p>Liebe Eltern und Interessierte,<\/p>\n\n\n\n<p>auf diesen Seiten erfahren Sie etwas mehr \u00fcber den Schulverein, der 1996 gegr\u00fcndet wurde und sich zur Aufgabe stellt, die Schule bei der Erziehung und Bildung der Sch\u00fcler\/innen ideell und materiell zu unterst\u00fctzen, die Erziehungsgemeinschaft und die Kommunikation an der Schule zu pflegen sowie das Wohl der Sch\u00fcler\/innen zu f\u00f6rdern.<br>Mitglieder des Vereins sind Eltern und Lehrer unserer Schule. Neben Spenden, Sponsoren und \u00dcbersch\u00fcssen aus Veranstaltungen finanzieren wir uns aus den Mitgliedsbeitr\u00e4gen. Dar\u00fcberhinaus ist nat\u00fcrlich auch die aktive pers\u00f6nliche Mithilfe jedes Einzelnen wichtig, denn nur als Gemeinschaft sind wir stark und k\u00f6nnen etwas bewegen! Und der Einsatz soll von Herzen kommen, getreu unserem Motto von Johann Hinrich Wichern, dem Namenspaten unserer Schule.<br>Einen besonderen Einsatz f\u00fcr unseren Schulverein erbringt die Sonne. Denn durch die Photovoltaik-Anlage auf dem Dach des Schulgeb\u00e4udes wird Strom erzeugt und ins allgemeine Stromnetz eingespeist. Die monatliche Verg\u00fctung des Stromanbieters erh\u00e4lt der Schulverein.<br>Wir sind offen f\u00fcr alle Ihre Anregungen, Ideen und W\u00fcnsche. Aber auch das, was Ihnen nicht so gut gef\u00e4llt, sollte angesprochen werden. Kontaktm\u00f6glichkeiten&nbsp;<a href=\"http:\/\/www.gsv-wichern-lohe.de\/joomla\/index.php\/wichern\/schulverein-oben\/vorstand\" target=\"_blank\" rel=\"noreferrer noopener\">hier<\/a>.<br>\u00dcber Ihre Unterst\u00fctzung freuen wir uns und sagen daf\u00fcr herzlichen Dank!<\/p>\n\n\n\n<p>Der Vorstand des Schulvereins<\/p>\n","protected":false},"excerpt":{"rendered":"<p>Liebe Eltern und Interessierte, auf diesen Seiten erfahren Sie etwas mehr \u00fcber den Schulverein, der 1996 gegr\u00fcndet wurde und sich zur Aufgabe stellt, die Schule bei der Erziehung und Bildung der Sch\u00fcler\/innen ideell und materiell zu unterst\u00fctzen, die Erziehungsgemeinschaft und die Kommunikation an der Schule zu pflegen sowie das Wohl&hellip; mehr lesen<\/p>\n","protected":false},"author":1,"featured_media":0,"parent":0,"menu_order":0,"comment_status":"closed","ping_status":"closed","template":"","meta":{"_uag_custom_page_level_css":"","jetpack_post_was_ever_published":false,"footnotes":""},"class_list":["post-521","page","type-page","status-publish","hentry"],"uagb_featured_image_src":{"full":false,"thumbnail":false,"medium":false,"medium_large":false,"large":false,"1536x1536":false,"2048x2048":false,"custom":false,"post-thumbnail":false,"header":false,"slider":false,"columns":false,"sow-carousel-default":false},"uagb_author_info":{"display_name":"Hille","author_link":"http:\/\/grundschule-wichern.de\/?author=1"},"uagb_comment_info":0,"uagb_excerpt":"Liebe Eltern und Interessierte, auf diesen Seiten erfahren Sie etwas mehr \u00fcber den Schulverein, der 1996 gegr\u00fcndet wurde und sich zur Aufgabe stellt, die Schule bei der Erziehung und Bildung der Sch\u00fcler\/innen ideell und materiell zu unterst\u00fctzen, die Erziehungsgemeinschaft und die Kommunikation an der Schule zu pflegen sowie das Wohl&hellip; mehr lesen","jetpack_sharing_enabled":true,"jetpack_shortlink":"https:\/\/wp.me\/P9HPiT-8p","_links":{"self":[{"href":"http:\/\/grundschule-wichern.de\/index.php?rest_route=\/wp\/v2\/pages\/521","targetHints":{"allow":["GET"]}}],"collection":[{"href":"http:\/\/grundschule-wichern.de\/index.php?rest_route=\/wp\/v2\/pages"}],"about":[{"href":"http:\/\/grundschule-wichern.de\/index.php?rest_route=\/wp\/v2\/types\/page"}],"author":[{"embeddable":true,"href":"http:\/\/grundschule-wichern.de\/index.php?rest_route=\/wp\/v2\/users\/1"}],"replies":[{"embeddable":true,"href":"http:\/\/grundschule-wichern.de\/index.php?rest_route=%2Fwp%2Fv2%2Fcomments&post=521"}],"version-history":[{"count":2,"href":"http:\/\/grundschule-wichern.de\/index.php?rest_route=\/wp\/v2\/pages\/521\/revisions"}],"predecessor-version":[{"id":666,"href":"http:\/\/grundschule-wichern.de\/index.php?rest_route=\/wp\/v2\/pages\/521\/revisions\/666"}],"wp:attachment":[{"href":"http:\/\/grundschule-wichern.de\/index.php?rest_route=%2Fwp%2Fv2%2Fmedia&parent=521"}],"curies":[{"name":"wp","href":"https:\/\/api.w.org\/{rel}","templated":true}]}}

<p>Liebe Eltern und Interessierte,</p>



<p>auf diesen Seiten erfahren Sie etwas mehr über den Schulverein, der 1996 gegründet wurde und sich zur Aufgabe stellt, die Schule bei der Erziehung und Bildung der Schüler/innen ideell und materiell zu unterstützen, die Erziehungsgemeinschaft und die Kommunikation an der Schule zu pflegen sowie das Wohl der Schüler/innen zu fördern.<br>Mitglieder des Vereins sind Eltern und Lehrer unserer Schule. Neben Spenden, Sponsoren und Überschüssen aus Veranstaltungen finanzieren wir uns aus den Mitgliedsbeiträgen. Darüberhinaus ist natürlich auch die aktive persönliche Mithilfe jedes Einzelnen wichtig, denn nur als Gemeinschaft sind wir stark und können etwas bewegen! Und der Einsatz soll von Herzen kommen, getreu unserem Motto von Johann Hinrich Wichern, dem Namenspaten unserer Schule.<br>Einen besonderen Einsatz für unseren Schulverein erbringt die Sonne. Denn durch die Photovoltaik-Anlage auf dem Dach des Schulgebäudes wird Strom erzeugt und ins allgemeine Stromnetz eingespeist. Die monatliche Vergütung des Stromanbieters erhält der Schulverein.<br>Wir sind offen für alle Ihre Anregungen, Ideen und Wünsche. Aber auch das, was Ihnen nicht so gut gefällt, sollte angesprochen werden. Kontaktmöglichkeiten&nbsp;<a href="http://www.gsv-wichern-lohe.de/joomla/index.php/wichern/schulverein-oben/vorstand" target="_blank" rel="noreferrer noopener">hier</a>.<br>Über Ihre Unterstützung freuen wir uns und sagen dafür herzlichen Dank!</p>



<p>Der Vorstand des Schulvereins</p>

<p>Liebe Eltern und Interessierte, auf diesen Seiten erfahren Sie etwas mehr über den Schulverein, der 1996 gegründet wurde und sich zur Aufgabe stellt, die Schule bei der Erziehung und Bildung der Schüler/innen ideell und materiell zu unterstützen, die Erziehungsgemeinschaft und die Kommunikation an der Schule zu pflegen sowie das Wohl&hellip; mehr lesen</p>

Liebe Eltern und Interessierte, auf diesen Seiten erfahren Sie etwas mehr über den Schulverein, der 1996 gegründet wurde und sich zur Aufgabe stellt, die Schule bei der Erziehung und Bildung der Schüler/innen ideell und materiell zu unterstützen, die Erziehungsgemeinschaft und die Kommunikation an der Schule zu pflegen sowie das Wohl&hellip; mehr lesen
