{"id":506,"date":"2018-10-16T12:54:24","date_gmt":"2018-10-16T12:54:24","guid":{"rendered":"http:\/\/grundschule-wichern.de\/?page_id=506"},"modified":"2019-02-27T15:10:44","modified_gmt":"2019-02-27T15:10:44","slug":"ogs-wichern","status":"publish","type":"page","link":"http:\/\/grundschule-wichern.de\/?page_id=506","title":{"rendered":"OGS Wichern"},"content":{"rendered":"\n<p><strong>Vorstellung der OGS am Hauptstandort Wichern<\/strong><\/p>\n\n\n\n<p>Die Wichern-Grundschule hat sich auf die ver\u00e4nderten famili\u00e4ren Bedingungen im Hinblick auf zunehmende Berufst\u00e4tigkeit eines oder beider Erziehungsberechtigten eingestellt. In der Betreuungsgruppe haben die Kinder in altersgemischten Gruppen unter der Anleitung von qualifizierten Betreuerinnen die M\u00f6glichkeit, den Unterrichtsvormittag in einer h\u00e4uslichen Atmosph\u00e4re ausklingen zu lassen. Dabei wird auf die besonderen Bed\u00fcrfnisse und Lebenssituationen eines jeden Kindes R\u00fccksicht genommen. Auf eine angenehme Gruppengr\u00f6\u00dfe wird ebenfalls geachtet. Der Unterricht und die anschlie\u00dfende Betreuung sollen eine harmonische Einheit bilden, aber die Betreuung ist grunds\u00e4tzlich nicht als Unterricht zu verstehen. Eine enge Zusammenarbeit zwischen den Lehrkr\u00e4ften der Schule, den Eltern und den Betreuerinnen ist unabdingbare Voraussetzung und findet in Form von Konferenzteilnahme oder Kooperationsgespr\u00e4chen statt. Betreuungskinder die schon sehr fr\u00fch zur Schule kommen, haben die M\u00f6glichkeit, in ruhiger Atmosph\u00e4re zu fr\u00fchst\u00fccken. Seit dem Schuljahr 2007\/08 haben wir Ganztagsklassen eingerichtet. Alle Kinder dieser Klasse besuchen gemeinsam den &#8222;Offenen Ganztag&#8220;. Lehrerin und Betreuerin arbeiten Hand in Hand.<\/p>\n\n\n\n<p><br\/><strong>Offene Ganztagsschule:<br\/><\/strong>Betreuung und Aktivit\u00e4ten von 6.30 Uhr \u2013 16.00 Uhr<\/p>\n\n\n\n<p><strong>Ansprechpartnerin ist Doris Neuhaus\u00a0<br\/><\/strong>Telefon 0 57 31\u00a0\/ 3 02\u00a009 96<\/p>\n","protected":false},"excerpt":{"rendered":"<p>Vorstellung der OGS am Hauptstandort Wichern Die Wichern-Grundschule hat sich auf die ver\u00e4nderten famili\u00e4ren Bedingungen im Hinblick auf zunehmende Berufst\u00e4tigkeit eines oder beider Erziehungsberechtigten eingestellt. In der Betreuungsgruppe haben die Kinder in altersgemischten Gruppen unter der Anleitung von qualifizierten Betreuerinnen die M\u00f6glichkeit, den Unterrichtsvormittag in einer h\u00e4uslichen Atmosph\u00e4re ausklingen zu&hellip; mehr lesen<\/p>\n","protected":false},"author":1,"featured_media":0,"parent":508,"menu_order":0,"comment_status":"closed","ping_status":"closed","template":"","meta":{"_uag_custom_page_level_css":"","jetpack_post_was_ever_published":false,"footnotes":""},"class_list":["post-506","page","type-page","status-publish","hentry"],"uagb_featured_image_src":{"full":false,"thumbnail":false,"medium":false,"medium_large":false,"large":false,"1536x1536":false,"2048x2048":false,"custom":false,"post-thumbnail":false,"header":false,"slider":false,"columns":false,"sow-carousel-default":false},"uagb_author_info":{"display_name":"Hille","author_link":"http:\/\/grundschule-wichern.de\/?author=1"},"uagb_comment_info":0,"uagb_excerpt":"Vorstellung der OGS am Hauptstandort Wichern Die Wichern-Grundschule hat sich auf die ver\u00e4nderten famili\u00e4ren Bedingungen im Hinblick auf zunehmende Berufst\u00e4tigkeit eines oder beider Erziehungsberechtigten eingestellt. In der Betreuungsgruppe haben die Kinder in altersgemischten Gruppen unter der Anleitung von qualifizierten Betreuerinnen die M\u00f6glichkeit, den Unterrichtsvormittag in einer h\u00e4uslichen Atmosph\u00e4re ausklingen zu&hellip; mehr lesen","jetpack_sharing_enabled":true,"jetpack_shortlink":"https:\/\/wp.me\/P9HPiT-8a","_links":{"self":[{"href":"http:\/\/grundschule-wichern.de\/index.php?rest_route=\/wp\/v2\/pages\/506","targetHints":{"allow":["GET"]}}],"collection":[{"href":"http:\/\/grundschule-wichern.de\/index.php?rest_route=\/wp\/v2\/pages"}],"about":[{"href":"http:\/\/grundschule-wichern.de\/index.php?rest_route=\/wp\/v2\/types\/page"}],"author":[{"embeddable":true,"href":"http:\/\/grundschule-wichern.de\/index.php?rest_route=\/wp\/v2\/users\/1"}],"replies":[{"embeddable":true,"href":"http:\/\/grundschule-wichern.de\/index.php?rest_route=%2Fwp%2Fv2%2Fcomments&post=506"}],"version-history":[{"count":1,"href":"http:\/\/grundschule-wichern.de\/index.php?rest_route=\/wp\/v2\/pages\/506\/revisions"}],"predecessor-version":[{"id":507,"href":"http:\/\/grundschule-wichern.de\/index.php?rest_route=\/wp\/v2\/pages\/506\/revisions\/507"}],"up":[{"embeddable":true,"href":"http:\/\/grundschule-wichern.de\/index.php?rest_route=\/wp\/v2\/pages\/508"}],"wp:attachment":[{"href":"http:\/\/grundschule-wichern.de\/index.php?rest_route=%2Fwp%2Fv2%2Fmedia&parent=506"}],"curies":[{"name":"wp","href":"https:\/\/api.w.org\/{rel}","templated":true}]}}

<p><strong>Vorstellung der OGS am Hauptstandort Wichern</strong></p>



<p>Die Wichern-Grundschule hat sich auf die veränderten familiären Bedingungen im Hinblick auf zunehmende Berufstätigkeit eines oder beider Erziehungsberechtigten eingestellt. In der Betreuungsgruppe haben die Kinder in altersgemischten Gruppen unter der Anleitung von qualifizierten Betreuerinnen die Möglichkeit, den Unterrichtsvormittag in einer häuslichen Atmosphäre ausklingen zu lassen. Dabei wird auf die besonderen Bedürfnisse und Lebenssituationen eines jeden Kindes Rücksicht genommen. Auf eine angenehme Gruppengröße wird ebenfalls geachtet. Der Unterricht und die anschließende Betreuung sollen eine harmonische Einheit bilden, aber die Betreuung ist grundsätzlich nicht als Unterricht zu verstehen. Eine enge Zusammenarbeit zwischen den Lehrkräften der Schule, den Eltern und den Betreuerinnen ist unabdingbare Voraussetzung und findet in Form von Konferenzteilnahme oder Kooperationsgesprächen statt. Betreuungskinder die schon sehr früh zur Schule kommen, haben die Möglichkeit, in ruhiger Atmosphäre zu frühstücken. Seit dem Schuljahr 2007/08 haben wir Ganztagsklassen eingerichtet. Alle Kinder dieser Klasse besuchen gemeinsam den &#8222;Offenen Ganztag&#8220;. Lehrerin und Betreuerin arbeiten Hand in Hand.</p>



<p><br/><strong>Offene Ganztagsschule:<br/></strong>Betreuung und Aktivitäten von 6.30 Uhr – 16.00 Uhr</p>



<p><strong>Ansprechpartnerin ist Doris Neuhaus <br/></strong>Telefon 0 57 31 / 3 02 09 96</p>

<p>Vorstellung der OGS am Hauptstandort Wichern Die Wichern-Grundschule hat sich auf die veränderten familiären Bedingungen im Hinblick auf zunehmende Berufstätigkeit eines oder beider Erziehungsberechtigten eingestellt. In der Betreuungsgruppe haben die Kinder in altersgemischten Gruppen unter der Anleitung von qualifizierten Betreuerinnen die Möglichkeit, den Unterrichtsvormittag in einer häuslichen Atmosphäre ausklingen zu&hellip; mehr lesen</p>

Vorstellung der OGS am Hauptstandort Wichern Die Wichern-Grundschule hat sich auf die veränderten familiären Bedingungen im Hinblick auf zunehmende Berufstätigkeit eines oder beider Erziehungsberechtigten eingestellt. In der Betreuungsgruppe haben die Kinder in altersgemischten Gruppen unter der Anleitung von qualifizierten Betreuerinnen die Möglichkeit, den Unterrichtsvormittag in einer häuslichen Atmosphäre ausklingen zu&hellip; mehr lesen
