{"id":50,"date":"2018-03-01T12:27:00","date_gmt":"2018-03-01T12:27:00","guid":{"rendered":"http:\/\/grundschule-wichern.de\/?page_id=50"},"modified":"2024-08-29T06:46:21","modified_gmt":"2024-08-29T06:46:21","slug":"herzlich-willkommen","status":"publish","type":"page","link":"http:\/\/grundschule-wichern.de\/?page_id=50","title":{"rendered":"Herzlich Willkommen"},"content":{"rendered":"<div class=\"wp-block-image\">\n<figure class=\"alignright\"><img loading=\"lazy\" decoding=\"async\" width=\"150\" height=\"201\" src=\"http:\/\/grundschule-wichern.de\/wp-content\/uploads\/2018\/08\/s_ploeger-150x201.jpg\" alt=\"\" class=\"wp-image-384\"\/><\/figure><\/div>\n\n<p>Der Grundschulverbund Wichern-Lohe in <a title=\"Bad Oeynhausen\" href=\"http:\/\/www.badoeynhausen.de\/\" target=\"_blank\" rel=\"noopener\">Bad Oeynhausen<\/a> besteht aus den Grundschulstandorten &#8222;Wichern&#8220; und &#8222;Lohe&#8220;. Sie befinden sich beide im S\u00fcden der Kurstadt. Zur Zeit besuchen unseren Schulverbund 471 Kinder (Wichern 361 \/ Lohe 110) in 18 Klassen. Dann sind da nat\u00fcrlich noch die Lehrer\/innen, aber auch eine Sekret\u00e4rin, ein Hausmeister, die Erzieher\/innen aus dem Betreuungsbereich, die Schulassistentinnen, das Raumpersonal sowie die Schulb\u00fccherei- und Lesem\u00fctter.<\/p>\n<p>Die F\u00f6rderung aller Kinder in ihren unterschiedlichen Begabungen haben wir uns zur besonderen Aufgabe gemacht. Daher haben wir ein umfassendes F\u00f6rderkonzept entwickelt.<br \/>Wir sind eine offene Ganztagsschule (OGS) mit Betreuungszeiten ab 6.30 Uhr (Wichern)\u00a0bis 16.00 Uhr. Der Standort Lohe hat zus\u00e4tzlich zur OGS noch die Betreuung bis zum Mittag.<\/p>\n<p>Auf dieser Homepage finden Sie viele Informationen zu unserem Schulverbund. Und sollten Sie dennoch Fragen haben, sprechen Sie uns bitte gern direkt an.<br \/>Nun w\u00fcnschen wir Ihnen viel Spa\u00df beim St\u00f6bern und Entdecken auf diesen Seiten!<\/p>\n<p>Sebastian Pl\u00f6ger<br \/>(Schulleiter)<\/p>","protected":false},"excerpt":{"rendered":"<p>Der Grundschulverbund Wichern-Lohe in Bad Oeynhausen besteht aus den Grundschulstandorten &#8222;Wichern&#8220; und &#8222;Lohe&#8220;. Sie befinden sich beide im S\u00fcden der Kurstadt. Zur Zeit besuchen unseren Schulverbund 471 Kinder (Wichern 361 \/ Lohe 110) in 18 Klassen. Dann sind da nat\u00fcrlich noch die Lehrer\/innen, aber auch eine Sekret\u00e4rin, ein Hausmeister, die&hellip; mehr lesen<\/p>\n","protected":false},"author":1,"featured_media":12,"parent":0,"menu_order":0,"comment_status":"closed","ping_status":"closed","template":"","meta":{"_uag_custom_page_level_css":"","jetpack_post_was_ever_published":false,"footnotes":""},"class_list":["post-50","page","type-page","status-publish","has-post-thumbnail","hentry"],"uagb_featured_image_src":{"full":["http:\/\/grundschule-wichern.de\/wp-content\/uploads\/2018\/02\/pexels-photo-542383.jpeg",1920,1280,false],"thumbnail":["http:\/\/grundschule-wichern.de\/wp-content\/uploads\/2018\/02\/pexels-photo-542383-150x150.jpeg",150,150,true],"medium":["http:\/\/grundschule-wichern.de\/wp-content\/uploads\/2018\/02\/pexels-photo-542383-300x200.jpeg",300,200,true],"medium_large":["http:\/\/grundschule-wichern.de\/wp-content\/uploads\/2018\/02\/pexels-photo-542383-768x512.jpeg",768,512,true],"large":["http:\/\/grundschule-wichern.de\/wp-content\/uploads\/2018\/02\/pexels-photo-542383-1024x683.jpeg",1024,683,true],"1536x1536":["http:\/\/grundschule-wichern.de\/wp-content\/uploads\/2018\/02\/pexels-photo-542383.jpeg",1536,1024,false],"2048x2048":["http:\/\/grundschule-wichern.de\/wp-content\/uploads\/2018\/02\/pexels-photo-542383.jpeg",1920,1280,false],"custom":["http:\/\/grundschule-wichern.de\/wp-content\/uploads\/2018\/02\/pexels-photo-542383.jpeg",525,350,false],"post-thumbnail":["http:\/\/grundschule-wichern.de\/wp-content\/uploads\/2018\/02\/pexels-photo-542383.jpeg",150,100,false],"header":["http:\/\/grundschule-wichern.de\/wp-content\/uploads\/2018\/02\/pexels-photo-542383.jpeg",300,200,false],"slider":["http:\/\/grundschule-wichern.de\/wp-content\/uploads\/2018\/02\/pexels-photo-542383.jpeg",615,410,false],"columns":["http:\/\/grundschule-wichern.de\/wp-content\/uploads\/2018\/02\/pexels-photo-542383.jpeg",450,300,false],"sow-carousel-default":["http:\/\/grundschule-wichern.de\/wp-content\/uploads\/2018\/02\/pexels-photo-542383.jpeg",272,182,false]},"uagb_author_info":{"display_name":"Hille","author_link":"http:\/\/grundschule-wichern.de\/?author=1"},"uagb_comment_info":0,"uagb_excerpt":"Der Grundschulverbund Wichern-Lohe in Bad Oeynhausen besteht aus den Grundschulstandorten &#8222;Wichern&#8220; und &#8222;Lohe&#8220;. Sie befinden sich beide im S\u00fcden der Kurstadt. Zur Zeit besuchen unseren Schulverbund 471 Kinder (Wichern 361 \/ Lohe 110) in 18 Klassen. Dann sind da nat\u00fcrlich noch die Lehrer\/innen, aber auch eine Sekret\u00e4rin, ein Hausmeister, die&hellip; mehr lesen","jetpack_sharing_enabled":true,"jetpack_shortlink":"https:\/\/wp.me\/P9HPiT-O","_links":{"self":[{"href":"http:\/\/grundschule-wichern.de\/index.php?rest_route=\/wp\/v2\/pages\/50","targetHints":{"allow":["GET"]}}],"collection":[{"href":"http:\/\/grundschule-wichern.de\/index.php?rest_route=\/wp\/v2\/pages"}],"about":[{"href":"http:\/\/grundschule-wichern.de\/index.php?rest_route=\/wp\/v2\/types\/page"}],"author":[{"embeddable":true,"href":"http:\/\/grundschule-wichern.de\/index.php?rest_route=\/wp\/v2\/users\/1"}],"replies":[{"embeddable":true,"href":"http:\/\/grundschule-wichern.de\/index.php?rest_route=%2Fwp%2Fv2%2Fcomments&post=50"}],"version-history":[{"count":6,"href":"http:\/\/grundschule-wichern.de\/index.php?rest_route=\/wp\/v2\/pages\/50\/revisions"}],"predecessor-version":[{"id":2289,"href":"http:\/\/grundschule-wichern.de\/index.php?rest_route=\/wp\/v2\/pages\/50\/revisions\/2289"}],"wp:featuredmedia":[{"embeddable":true,"href":"http:\/\/grundschule-wichern.de\/index.php?rest_route=\/wp\/v2\/media\/12"}],"wp:attachment":[{"href":"http:\/\/grundschule-wichern.de\/index.php?rest_route=%2Fwp%2Fv2%2Fmedia&parent=50"}],"curies":[{"name":"wp","href":"https:\/\/api.w.org\/{rel}","templated":true}]}}

<div class="wp-block-image">
<figure class="alignright"><img loading="lazy" decoding="async" width="150" height="201" src="http://grundschule-wichern.de/wp-content/uploads/2018/08/s_ploeger-150x201.jpg" alt="" class="wp-image-384"/></figure></div>

<p>Der Grundschulverbund Wichern-Lohe in <a title="Bad Oeynhausen" href="http://www.badoeynhausen.de/" target="_blank" rel="noopener">Bad Oeynhausen</a> besteht aus den Grundschulstandorten &#8222;Wichern&#8220; und &#8222;Lohe&#8220;. Sie befinden sich beide im Süden der Kurstadt. Zur Zeit besuchen unseren Schulverbund 471 Kinder (Wichern 361 / Lohe 110) in 18 Klassen. Dann sind da natürlich noch die Lehrer/innen, aber auch eine Sekretärin, ein Hausmeister, die Erzieher/innen aus dem Betreuungsbereich, die Schulassistentinnen, das Raumpersonal sowie die Schulbücherei- und Lesemütter.</p>
<p>Die Förderung aller Kinder in ihren unterschiedlichen Begabungen haben wir uns zur besonderen Aufgabe gemacht. Daher haben wir ein umfassendes Förderkonzept entwickelt.<br />Wir sind eine offene Ganztagsschule (OGS) mit Betreuungszeiten ab 6.30 Uhr (Wichern) bis 16.00 Uhr. Der Standort Lohe hat zusätzlich zur OGS noch die Betreuung bis zum Mittag.</p>
<p>Auf dieser Homepage finden Sie viele Informationen zu unserem Schulverbund. Und sollten Sie dennoch Fragen haben, sprechen Sie uns bitte gern direkt an.<br />Nun wünschen wir Ihnen viel Spaß beim Stöbern und Entdecken auf diesen Seiten!</p>
<p>Sebastian Plöger<br />(Schulleiter)</p>

<p>Der Grundschulverbund Wichern-Lohe in Bad Oeynhausen besteht aus den Grundschulstandorten &#8222;Wichern&#8220; und &#8222;Lohe&#8220;. Sie befinden sich beide im Süden der Kurstadt. Zur Zeit besuchen unseren Schulverbund 471 Kinder (Wichern 361 / Lohe 110) in 18 Klassen. Dann sind da natürlich noch die Lehrer/innen, aber auch eine Sekretärin, ein Hausmeister, die&hellip; mehr lesen</p>

Der Grundschulverbund Wichern-Lohe in Bad Oeynhausen besteht aus den Grundschulstandorten &#8222;Wichern&#8220; und &#8222;Lohe&#8220;. Sie befinden sich beide im Süden der Kurstadt. Zur Zeit besuchen unseren Schulverbund 471 Kinder (Wichern 361 / Lohe 110) in 18 Klassen. Dann sind da natürlich noch die Lehrer/innen, aber auch eine Sekretärin, ein Hausmeister, die&hellip; mehr lesen
