{"id":174,"date":"2018-03-03T20:30:59","date_gmt":"2018-03-03T20:30:59","guid":{"rendered":"http:\/\/grundschule-wichern.de\/?page_id=174"},"modified":"2018-03-03T20:31:00","modified_gmt":"2018-03-03T20:31:00","slug":"verbundschule","status":"publish","type":"page","link":"http:\/\/grundschule-wichern.de\/?page_id=174","title":{"rendered":"Verbundschule"},"content":{"rendered":"<div id=\"pl-174\"  class=\"panel-layout\" ><div id=\"pg-174-0\"  class=\"panel-grid panel-no-style\" ><div id=\"pgc-174-0-0\"  class=\"panel-grid-cell\" ><div id=\"panel-174-0-0-0\" class=\"so-panel widget widget_sow-image panel-first-child panel-last-child\" data-index=\"0\" ><div\n\t\t\t\n\t\t\tclass=\"so-widget-sow-image so-widget-sow-image-default-dbf295114b96-174\"\n\t\t\t\n\t\t>\n<div class=\"sow-image-container\">\n\t\t<img \n\tsrc=\"http:\/\/grundschule-wichern.de\/wp-content\/uploads\/2018\/03\/verbund_collage.png\" width=\"600\" height=\"750\" srcset=\"http:\/\/grundschule-wichern.de\/wp-content\/uploads\/2018\/03\/verbund_collage.png 600w, http:\/\/grundschule-wichern.de\/wp-content\/uploads\/2018\/03\/verbund_collage-240x300.png 240w\" sizes=\"(max-width: 600px) 100vw, 600px\" alt=\"\" \t\tclass=\"so-widget-image\"\/>\n\t<\/div>\n\n<\/div><\/div><\/div><div id=\"pgc-174-0-1\"  class=\"panel-grid-cell\" ><div id=\"panel-174-0-1-0\" class=\"so-panel widget widget_sow-editor panel-first-child panel-last-child\" data-index=\"1\" ><div\n\t\t\t\n\t\t\tclass=\"so-widget-sow-editor so-widget-sow-editor-base\"\n\t\t\t\n\t\t>\n<div class=\"siteorigin-widget-tinymce textwidget\">\n\t<p style=\"text-align: justify;\">Haben Sie alles richtig erkannt?<\/p>\n<p style=\"text-align: justify;\">Falls nicht, fragen Sie doch mal die Schulkinder - die wissen es bestimmt. Kleine Schwierigkeit: Einige Dinge existieren gar nicht mehr so oder sehen heute anders aus. Besuchen Sie uns einfach und schauen sich die Bilder in natura an.<\/p>\n<p style=\"text-align: justify;\">Der Grundschulverbund ist 2010 aus den Grundschulen \"Wichern\" und \"Lohe\" entstanden. Somit kann der Teilstandort Lohe als \"kleine\" Schule effektiv weitergef\u00fchrt werden. Es gibt zwei Standorte, damit kurze Wege zur Grundschule erhalten bleiben, aber nur eine Schulleitung, ein Lehrer-Kollegium, eine Schulpflegschaft und eine Schulkonferenz. Aus Traditionsgr\u00fcnden bleiben die beiden F\u00f6rdervereine weiterhin selbst\u00e4ndig und auch die Betreuung findet weiterhin an beiden Standorten statt.<\/p>\n<\/div>\n<\/div><\/div><\/div><\/div><\/div>","protected":false},"excerpt":{"rendered":"<p>Haben Sie alles richtig erkannt? Falls nicht, fragen Sie doch mal die Schulkinder &#8211; die wissen es bestimmt. Kleine Schwierigkeit: Einige Dinge existieren gar nicht mehr so oder sehen heute anders aus. Besuchen Sie uns einfach und schauen sich die Bilder in natura an. Der Grundschulverbund ist 2010 aus den&hellip; mehr lesen<\/p>\n","protected":false},"author":1,"featured_media":0,"parent":104,"menu_order":0,"comment_status":"closed","ping_status":"closed","template":"","meta":{"_uag_custom_page_level_css":"","jetpack_post_was_ever_published":false,"footnotes":""},"class_list":["post-174","page","type-page","status-publish","hentry"],"uagb_featured_image_src":{"full":false,"thumbnail":false,"medium":false,"medium_large":false,"large":false,"1536x1536":false,"2048x2048":false,"custom":false,"post-thumbnail":false,"header":false,"slider":false,"columns":false,"sow-carousel-default":false},"uagb_author_info":{"display_name":"Hille","author_link":"http:\/\/grundschule-wichern.de\/?author=1"},"uagb_comment_info":0,"uagb_excerpt":"Haben Sie alles richtig erkannt? Falls nicht, fragen Sie doch mal die Schulkinder - die wissen es bestimmt. Kleine Schwierigkeit: Einige Dinge existieren gar nicht mehr so oder sehen heute anders aus. Besuchen Sie uns einfach und schauen sich die Bilder in natura an. Der Grundschulverbund ist 2010 aus den&hellip; mehr lesen","jetpack_sharing_enabled":true,"jetpack_shortlink":"https:\/\/wp.me\/P9HPiT-2O","_links":{"self":[{"href":"http:\/\/grundschule-wichern.de\/index.php?rest_route=\/wp\/v2\/pages\/174","targetHints":{"allow":["GET"]}}],"collection":[{"href":"http:\/\/grundschule-wichern.de\/index.php?rest_route=\/wp\/v2\/pages"}],"about":[{"href":"http:\/\/grundschule-wichern.de\/index.php?rest_route=\/wp\/v2\/types\/page"}],"author":[{"embeddable":true,"href":"http:\/\/grundschule-wichern.de\/index.php?rest_route=\/wp\/v2\/users\/1"}],"replies":[{"embeddable":true,"href":"http:\/\/grundschule-wichern.de\/index.php?rest_route=%2Fwp%2Fv2%2Fcomments&post=174"}],"version-history":[{"count":5,"href":"http:\/\/grundschule-wichern.de\/index.php?rest_route=\/wp\/v2\/pages\/174\/revisions"}],"predecessor-version":[{"id":180,"href":"http:\/\/grundschule-wichern.de\/index.php?rest_route=\/wp\/v2\/pages\/174\/revisions\/180"}],"up":[{"embeddable":true,"href":"http:\/\/grundschule-wichern.de\/index.php?rest_route=\/wp\/v2\/pages\/104"}],"wp:attachment":[{"href":"http:\/\/grundschule-wichern.de\/index.php?rest_route=%2Fwp%2Fv2%2Fmedia&parent=174"}],"curies":[{"name":"wp","href":"https:\/\/api.w.org\/{rel}","templated":true}]}}

<div id="pl-174"  class="panel-layout" ><div id="pg-174-0"  class="panel-grid panel-no-style" ><div id="pgc-174-0-0"  class="panel-grid-cell" ><div id="panel-174-0-0-0" class="so-panel widget widget_sow-image panel-first-child panel-last-child" data-index="0" ><div
			
			class="so-widget-sow-image so-widget-sow-image-default-dbf295114b96-174"
			
		>
<div class="sow-image-container">
		<img 
	src="http://grundschule-wichern.de/wp-content/uploads/2018/03/verbund_collage.png" width="600" height="750" srcset="http://grundschule-wichern.de/wp-content/uploads/2018/03/verbund_collage.png 600w, http://grundschule-wichern.de/wp-content/uploads/2018/03/verbund_collage-240x300.png 240w" sizes="(max-width: 600px) 100vw, 600px" alt="" 		class="so-widget-image"/>
	</div>

</div></div></div><div id="pgc-174-0-1"  class="panel-grid-cell" ><div id="panel-174-0-1-0" class="so-panel widget widget_sow-editor panel-first-child panel-last-child" data-index="1" ><div
			
			class="so-widget-sow-editor so-widget-sow-editor-base"
			
		>
<div class="siteorigin-widget-tinymce textwidget">
	<p style="text-align: justify;">Haben Sie alles richtig erkannt?</p>
<p style="text-align: justify;">Falls nicht, fragen Sie doch mal die Schulkinder - die wissen es bestimmt. Kleine Schwierigkeit: Einige Dinge existieren gar nicht mehr so oder sehen heute anders aus. Besuchen Sie uns einfach und schauen sich die Bilder in natura an.</p>
<p style="text-align: justify;">Der Grundschulverbund ist 2010 aus den Grundschulen "Wichern" und "Lohe" entstanden. Somit kann der Teilstandort Lohe als "kleine" Schule effektiv weitergeführt werden. Es gibt zwei Standorte, damit kurze Wege zur Grundschule erhalten bleiben, aber nur eine Schulleitung, ein Lehrer-Kollegium, eine Schulpflegschaft und eine Schulkonferenz. Aus Traditionsgründen bleiben die beiden Fördervereine weiterhin selbständig und auch die Betreuung findet weiterhin an beiden Standorten statt.</p>
</div>
</div></div></div></div></div>
